d thousands digit of 193944?
1
What is the millions digit of 16821701?
6
What is the units digit of 1906016?
6
What is the millions digit of 1141107?
1
What is the hundreds digit of 4088070?
0
What is the ten thousands digit of 19964?
1
What is the tens digit of 134583?
8
What is the units digit of 90713?
3
What is the thousands digit of 92649?
2
What is the hundred thousands digit of 4266634?
2
What is the units digit of 25210097?
7
What is the millions digit of 13981835?
3
What is the tens digit of 3372819?
1
What is the hundreds digit of 442787?
7
What is the units digit of 113668?
8
What is the tens digit of 15030172?
7
What is the thousands digit of 359160?
9
What is the hundreds digit of 491738?
7
What is the hundred thousands digit of 690494?
6
What is the thousands digit of 16945182?
5
What is the tens digit of 5869742?
4
What is the units digit of 403077?
7
What is the tens digit of 2341797?
9
What is the millions digit of 1984544?
1
What is the hundreds digit of 4114794?
7
What is the hundreds digit of 6413?
4
What is the hundred thousands digit of 6539091?
5
What is the tens digit of 2623326?
2
What is the hundreds digit of 866713?
7
What is the thousands digit of 29077673?
7
What is the ten thousands digit of 82002?
8
What is the hundred thousands digit of 461881?
4
What is the ten thousands digit of 187367?
8
What is the hundreds digit of 410328?
3
What is the thousands digit of 29769?
9
What is the ten thousands digit of 416292?
1
What is the ten thousands digit of 1277987?
7
What is the units digit of 3627145?
5
What is the ten thousands digit of 88965?
8
What is the hundreds digit of 12963939?
9
What is the tens digit of 224683?
8
What is the hundred thousands digit of 2011520?
0
What is the hundred thousands digit of 5938308?
9
What is the units digit of 390939?
9
What is the units digit of 4872875?
5
What is the hundreds digit of 832200?
2
What is the hundred thousands digit of 766274?
7
What is the millions digit of 9288933?
9
What is the hundred thousands digit of 2587586?
5
What is the millions digit of 3912162?
3
What is the tens digit of 10741029?
2
What is the units digit of 15760312?
2
What is the thousands digit of 110970?
0
What is the units digit of 845762?
2
What is the ten thousands digit of 1000318?
0
What is the ten thousands digit of 5265753?
6
What is the ten millions digit of 27697747?
2
What is the tens digit of 1872808?
0
What is the units digit of 5647128?
8
What is the tens digit of 681803?
0
What is the thousands digit of 18670243?
0
What is the millions digit of 1283292?
1
What is the hundreds digit of 720830?
8
What is the units digit of 3162326?
6
What is the hundred thousands digit of 378772?
3
What is the ten thousands digit of 2491110?
9
What is the units digit of 906741?
1
What is the units digit of 151653?
3
What is the hundreds digit of 12208?
2
What is the hundreds digit of 3830495?
4
What is the tens digit of 678258?
5
What is the thousands digit of 2030990?
0
What is the units digit of 448657?
7
What is the hundreds digit of 2551947?
9
What is the ten millions digit of 11885339?
1
What is the units digit of 127303?
3
What is the millions digit of 2062473?
2
What is the thousands digit of 368412?
8
What is the thousands digit of 953953?
3
What is the units digit of 340878?
8
What is the units digit of 10353369?
9
What is the tens digit of 1081679?
7
What is the hundreds digit of 26841413?
4
What is the tens digit of 157586?
8
What is the millions digit of 2850815?
2
What is the hundreds digit of 13983681?
6
What is the millions digit of 1346649?
1
What is the tens digit of 1140325?
2
What is the units digit of 13447?
7
What is the thousands digit of 23391439?
1
What is the thousands digit of 3062859?
2
What is the units digit of 31603?
3
What is the ten thousands digit of 1940341?
4
What is the ten thousands digit of 868644?
6
What is the ten thousands digit of 271618?
7
What is the tens digit of 9048082?
8
What is the units digit of 9135607?
7
What is the hundred thousands digit of 199971?
1
What is the ten thousands digit of 57461?
5
What is the tens digit of 51613?
1
What is the units digit of 1050713?
3
What is the hundred thousands digit of 190384?
1
What is the hundred thousands digit of 16885465?
8
What is the hundreds digit of 821084?
0
What is the tens digit of 7125?
2
What is the ten thousands digit of 779860?
7
What is the thousands digit of 1784694?
4
What is the hundred thousands digit of 1361590?
3
What is the thousands digit of 180943?
0
What is the units digit of 971675?
5
What is the hundred thousands digit of 480988?
4
What is the millions digit of 27725188?
7
What is the thousands digit of 6118279?
8
What is the millions digit of 3667779?
3
What is the millions digit of 3678823?
3
What is the tens digit of 7439601?
0
What is the units digit of 3504919?
9
What is the tens digit of 449496?
9
What is the units digit of 378562?
2
What is the tens digit of 577113?
1
What is the hundreds digit of 1491764?
7
What is the hundred thousands digit of 3726785?
7
What is the millions digit of 22283891?
2
What is the ten thousands digit of 2185009?
8
What is the ten thousands digit of 11711642?
1
What is the ten thousands digit of 2582617?
8
What is the thousands digit of 231951?
1
What is the thousands digit of 980549?
0
What is the ten thousands digit of 36006610?
0
What is the units digit of 13184842?
2
What is the ten millions digit of 35795972?
3
What is the tens digit of 1563879?
7
What is the tens digit of 154779?
7
What is the thousands digit of 311217?
1
What is the tens digit of 602088?
8
What is the thousands digit of 14272237?
2
What is the hundreds digit of 1519725?
7
What is the ten thousands digit of 401325?
0
What is the ten millions digit of 16402273?
1
What is the hundreds digit of 2349569?
5
What is the tens digit of 431001?
0
What is the ten thousands digit of 702276?
0
What is the hundred thousands digit of 617882?
6
What is the ten thousands digit of 4560626?
6
What is the tens digit of 498739?
3
What is the ten thousands digit of 2066305?
6
What is the tens digit of 1501879?
7
What is the thousands digit of 17083348?
3
What is the units digit of 13822770?
0
What is the tens digit of 327627?
2
What is the tens digit of 465733?
3
What is the thousands digit of 122733?
2
What is the hundreds digit of 262669?
6
What is the thousands digit of 7349177?
9
What is the ten thousands digit of 385105?
8
What is the millions digit of 4178665?
4
What is the ten thousands digit of 176625?
7
What is the hundred thousands digit of 401432?
4
What is the ten thousands digit of 2188128?
8
What is the thousands digit of 3766181?
6
What is the ten thousands digit of 1610851?
1
What is the millions digit of 1156886?
1
What is the ten thousands digit of 538139?
3
What is the tens digit of 613039?
3
What is the tens digit of 103877?
7
What is the millions digit of 2901226?
2
What is the thousands digit of 7601955?
1
What is the thousands digit of 3833945?
3
What is the units digit of 517800?
0
What is the ten thousands digit of 568132?
6
What is the hundreds digit of 4752491?
4
What is the tens digit of 918621?
2
What is the tens digit of 104087?
8
What is the ten thousands digit of 1496613?
9
What is the ten thousands digit of 1189099?
8
What is the hundreds digit of 360139?
1
What is the thousands digit of 1592000?
2
What is the tens digit of 25047883?
8
What is the hundreds digit of 2490019?
0
What is the millions digit of 2067237?
2
What is the tens digit of 84674?
7
What is the hundred thousands digit of 3334044?
3
What is the hundreds digit of 314485?
4
What is the hundred thousands digit of 172345?
1
What is the units digit of 2608204?
4
What is the tens digit of 523296?
9
What is the tens digit of 810393?
9
What is the hundreds digit of 2410239?
2
What is the hundreds digit of 232643?
6
What is the hundred thousands digit of 684253?
6
What is the tens digit of 465239?
3
What is the millions digit of 1239354?
1
What is the tens digit of 3182006?
0
What is the units digit of 602979?
9
What is the hundred thousands digit of 455671?
4
What is the thousands digit of 14575629?
5
What is the hundreds digit of 25916334?
3
What is the hundreds digit of 359276?
2
What is the hundreds di